 composite?
False
Is 12282371 a prime number?
True
Is 218396839 a prime number?
True
Is 44248387 a prime number?
True
Is 14481871 a prime number?
False
Is 9658277 composite?
False
Is 761227 a prime number?
True
Is 2655299 prime?
False
Is 21160949 prime?
True
Is 19432031 composite?
False
Is 96304771 a prime number?
True
Is 82752779 prime?
True
Is 594980833 prime?
True
Is 110204699 prime?
False
Is 111618271 a composite number?
False
Is 12122503 composite?
True
Is 20609999 composite?
True
Is 26721427 composite?
True
Is 1368559 a prime number?
False
Is 23187953 prime?
False
Is 33603727 a composite number?
True
Is 12324199 a composite number?
True
Is 1399146545 a composite number?
True
Is 10306853 a composite number?
True
Is 5551129 a prime number?
False
Is 10080193 composite?
False
Is 144977251 prime?
True
Is 31063103 a prime number?
True
Is 19140559 a prime number?
False
Is 4985249 composite?
False
Is 127762163 composite?
False
Is 4725821 composite?
False
Is 158229001 composite?
True
Is 79807349 a composite number?
True
Is 3600791 a prime number?
True
Is 281823907 a prime number?
True
Is 284183 prime?
False
Is 241505619 composite?
True
Is 197585911 a composite number?
False
Is 4193453 prime?
False
Is 113235431 composite?
True
Is 66719371 prime?
False
Is 1215283 composite?
False
Is 932497 prime?
True
Is 1408493 composite?
False
Is 8565835 composite?
True
Is 2387563 prime?
True
Is 61044857 prime?
False
Is 233728237 a composite number?
True
Is 1350187 prime?
True
Is 36554317 a prime number?
True
Is 5168279 a composite number?
False
Is 67139351 prime?
True
Is 3444721 prime?
False
Is 1135261 composite?
False
Is 55656199 prime?
True
Is 44574499 a prime number?
False
Is 4602949 a prime number?
False
Is 2489077 a prime number?
True
Is 69653963 composite?
False
Is 8933863 a prime number?
False
Is 27652577 a prime number?
False
Is 3881459 a composite number?
True
Is 10875371 a prime number?
False
Is 187040473 a prime number?
True
Is 28757357 composite?
True
Is 319843609 a prime number?
True
Is 6709993 a composite number?
True
Is 1388561 a prime number?
False
Is 71349053 composite?
False
Is 3160541 composite?
False
Is 29629321 prime?
True
Is 39810817 composite?
True
Is 1357249 composite?
True
Is 3545617 composite?
False
Is 16548022 a composite number?
True
Is 1693721 a composite number?
True
Is 7074103 prime?
False
Is 3016907 a composite number?
False
Is 23763797 composite?
False
Is 13941143 composite?
False
Is 31439 a composite number?
True
Is 213662789 a prime number?
True
Is 12423581 composite?
False
Is 36707459 a composite number?
True
Is 830065 composite?
True
Is 2947663 prime?
False
Is 597031 composite?
False
Is 23940743 a composite number?
True
Is 2988661 a prime number?
False
Is 3592752717 composite?
True
Is 242859899 composite?
False
Is 50560467 composite?
True
Is 7255559 a prime number?
False
Is 85562221 prime?
True
Is 11187817 prime?
False
Is 8448353 a composite number?
True
Is 1198753 a prime number?
False
Is 136446041 prime?
True
Is 479081 a composite number?
False
Is 41122993 composite?
False
Is 290098255 a prime number?
False
Is 199265881 prime?
True
Is 487177 prime?
True
Is 3441917 a composite number?
True
Is 113148527 a composite number?
True
Is 3356263 prime?
True
Is 5521819 composite?
False
Is 1108334113 a composite number?
False
Is 1187735 composite?
True
Is 31384999 composite?
False
Is 13152487 a prime number?
False
Is 148379449 prime?
True
Is 1233038 a composite number?
True
Is 589063507 a prime number?
False
Is 100778341 a prime number?
False
Is 218171 a prime number?
True
Is 1218103067 a composite number?
False
Is 397202111 a prime number?
False
Is 43464277 a prime number?
True
Is 7554347 a prime number?
False
Is 28704386 a composite number?
True
Is 5810863 a composite number?
False
Is 23824679 a prime number?
True
Is 105736817 a composite number?
False
Is 2188643 composite?
True
Is 2250791 a composite number?
True
Is 2572649 composite?
False
Is 1669007 prime?
False
Is 4678691 a prime number?
False
Is 15347977 a prime number?
True
Is 362356853 a prime number?
False
Is 6199511 prime?
True
Is 1319293 composite?
False
Is 5029537 a composite number?
False
Is 48361291 a composite number?
True
Is 24222499 a composite number?
True
Is 189947827 composite?
False
Is 36739135 composite?
True
Is 10797757 composite?
True
Is 907751 prime?
False
Is 851689 prime?
True
Is 11010113 composite?
False
Is 17622739 a composite number?
False
Is 9672469 a composite number?
False
Is 11057511 a prime number?
False
Is 7177199 a prime number?
False
Is 11718347 composite?
True
Is 2030407 a composite number?
True
Is 39502 prime?
False
Is 815786 composite?
True
Is 50748491 prime?
True
Is 48939437 a prime number?
False
Is 106425073 a composite number?
False
Is 385559 composite?
False
Is 1256131 prime?
False
Is 4222619 a prime number?
True
Is 87889 prime?
False
Is 167992789 a prime number?
False
Is 18643939 a composite number?
False
Is 101255143 a composite number?
True
Is 133602739 a prime number?
False
Is 1391687 a composite number?
True
Is 11830813 a composite number?
False
Is 577621 composite?
True
Is 343151 prime?
False
Is 27757349 composite?
False
Is 56083753 a prime number?
False
Is 49609169 composite?
True
Is 57781789 prime?
False
Is 29622977 prime?
False
Is 5998 a composite number?
True
Is 3445081 composite?
True
Is 124976711 a composite number?
False
Is 101896327 composite?
True
Is 79940087 prime?
False
Is 7525783 a prime number?
True
Is 264693106 a prime number?
False
Is 459143 a prime number?
False
Is 51838769 a composite number?
False
Is 115717097 a composite number?
False
Is 243356969 composite?
True
Is 3028841 a composite number?
False
Is 25822009 composite?
False
Is 421165159 a prime number?
False
Is 53877013 a composite number?
True
Is 851437141 a composite number?
True
Is 236766557 a prime number?
False
Is 2013511 a composite number?
False
Is 29877727 a composite number?
True
Is 2656331 a prime number?
False
Is 98120531 a prime number?
False
Is 3926933 a prime number?
True
Is 62051897 composite?
False
Is 418597 a composite number?
False
Is 22067021 composite?
False
Is 18343967 composite?
True
Is 51924563 composite?
True
Is 17975383 prime?
False
Is 4174787 composite?
True
Is 35409877 prime?
True
Is 65935277 a prime number?
True
Is 747052723 composite?
False
Is 2221693 prime?
False
Is 96022621 a prime number?
True
Is 10066267 prime?
True
Is 382253 a composite number?
False
Is 18046879 a prime number?
False
Is 7002433 a prime number?
True
Is 24245177 composite?
True
Is 18379399 a composite number?
False
Is 95621501 a prime number?
True
Is 133138897 a composite number?
True
Is 2187719 prime?
False
Is 40476451 prime?
False
Is 123323233 a composite number?
True
Is 18156887 composite?
True
Is 11228569 prime?
False
Is 26823661 a composite number?
False
Is 2299351 composite?
True
Is 9774123 prime?
False
Is 582239 a prime number?
False
Is 258950131 a prime number?
False
Is 2606353 composite?
False
Is 3814843 a composite number?
True
Is 13610123 prime?
True
Is 195617281 prime?
False
Is 9916379 a prime number?
False
Is 41443417 a prime number?
True
Is 3989963 composite?
False
Is 93539323 a prime number?
True
Is 9121199 composite?
False
Is 15912463 prime?
False
Is 92425467 prime?
False
Is 6146327 prime?
False
Is 154982858 prime?
False
Is 211214 prime?
False
Is 4689337 composite?
True
Is 221854863 a composite number?
True
Is 14808023 composite?
False
Is 19451623 composite?
False
Is 170089427 prime?
True
Is 11980511 a prime number?
True
Is 223095377 prime?
False
Is 41648506 a prime number?
False
Is 6846139 a composite number?
True
Is 78718493 prime?
False
Is 2071661 prime?
True
Is 482585 prime?
False
Is 3648049 prime?
False
Is 3953011 a prime number?
True
Is 1864739 prime?
True
Is 586871 a composite number?
False
Is 1027931 prime?
True
Is 189420983 prime?
False
Is 48165251 prime?
True
Is 4404971 composite?
False
Is 38928047 prime?
False
Is 2102851 a composite number?
False
Is 42145241 composite?
False
Is 13084133 a composite number?
True
Is 25555613 a prime number?
True
Is 29547418 a prime number?
False
Is 71816207 a composite number?
False
Is 577249 composite?
False
Is 105953 a prime number?
True
Is 1329761 composite?
False
Is 5457401 prime?
False
Is 1057371